 is divided by 928?
41
What is the remainder when 1399195 is divided by 24?
19
What is the remainder when 72365 is divided by 293?
287
What is the remainder when 8759 is divided by 2141?
195
Calculate the remainder when 1247791 is divided by 68.
59
What is the remainder when 215571 is divided by 13?
5
Calculate the remainder when 19919 is divided by 425.
369
What is the remainder when 9015 is divided by 1702?
505
Calculate the remainder when 7352 is divided by 2052.
1196
What is the remainder when 82182 is divided by 206?
194
Calculate the remainder when 17003 is divided by 5657.
32
Calculate the remainder when 9465 is divided by 1149.
273
Calculate the remainder when 2023 is divided by 753.
517
What is the remainder when 4880 is divided by 140?
120
Calculate the remainder when 22306 is divided by 18.
4
What is the remainder when 2875287 is divided by 779?
777
Calculate the remainder when 95507 is divided by 79.
75
What is the remainder when 8974 is divided by 67?
63
Calculate the remainder when 7264 is divided by 693.
334
Calculate the remainder when 7667 is divided by 94.
53
Calculate the remainder when 1493 is divided by 126.
107
Calculate the remainder when 2604 is divided by 2595.
9
Calculate the remainder when 560382 is divided by 44.
42
Calculate the remainder when 33948 is divided by 3769.
27
What is the remainder when 198532 is divided by 58?
56
What is the remainder when 21298 is divided by 75?
73
What is the remainder when 1667 is divided by 25?
17
Calculate the remainder when 2274 is divided by 281.
26
Calculate the remainder when 21522 is divided by 1221.
765
What is the remainder when 68458 is divided by 85?
33
Calculate the remainder when 13659 is divided by 1707.
3
What is the remainder when 106113 is divided by 79?
16
What is the remainder when 1018332 is divided by 13?
3
Calculate the remainder when 33077 is divided by 119.
114
What is the remainder when 1244 is divided by 520?
204
What is the remainder when 118526 is divided by 30?
26
Calculate the remainder when 3684 is divided by 146.
34
What is the remainder when 1273 is divided by 50?
23
What is the remainder when 128789 is divided by 159?
158
Calculate the remainder when 60366 is divided by 539.
537
Calculate the remainder when 7978 is divided by 364.
334
What is the remainder when 224732 is divided by 1550?
1532
Calculate the remainder when 167854 is divided by 2797.
34
What is the remainder when 6781 is divided by 1121?
55
Calculate the remainder when 3128305 is divided by 1564148.
9
What is the remainder when 75024 is divided by 397?
388
What is the remainder when 272105 is divided by 90701?
2
What is the remainder when 939 is divided by 139?
105
Calculate the remainder when 2834486 is divided by 336.
326
What is the remainder when 1470615 is divided by 63?
6
What is the remainder when 5572 is divided by 371?
7
What is the remainder when 24462 is divided by 188?
22
What is the remainder when 3171 is divided by 122?
121
What is the remainder when 2920 is divided by 326?
312
What is the remainder when 77977 is divided by 268?
257
What is the remainder when 3411 is divided by 1482?
447
Calculate the remainder when 14378 is divided by 22.
12
Calculate the remainder when 66688 is divided by 3028.
72
Calculate the remainder when 22624 is divided by 99.
52
Calculate the remainder when 11474 is divided by 1871.
248
What is the remainder when 1331 is divided by 43?
41
Calculate the remainder when 14909 is divided by 649.
631
What is the remainder when 127188 is divided by 25436?
8
Calculate the remainder when 20119 is divided by 258.
253
Calculate the remainder when 400657 is divided by 36423.
4
Calculate the remainder when 1970123 is divided by 26.
25
What is the remainder when 5789 is divided by 642?
11
What is the remainder when 161025 is divided by 71?
68
Calculate the remainder when 52788 is divided by 8796.
12
Calculate the remainder when 12218 is divided by 3052.
10
Calculate the remainder when 32814 is divided by 10931.
21
What is the remainder when 3492 is divided by 868?
20
What is the remainder when 712 is divided by 344?
24
Calculate the remainder when 1598 is divided by 1355.
243
Calculate the remainder when 68265 is divided by 4873.
43
Calculate the remainder when 363613 is divided by 7.
5
What is the remainder when 148013 is divided by 36982?
85
Calculate the remainder when 748 is divided by 216.
100
Calculate the remainder when 84230 is divided by 317.
225
Calculate the remainder when 102690 is divided by 34226.
12
What is the remainder when 15736 is divided by 1567?
66
Calculate the remainder when 2051 is divided by 413.
399
What is the remainder when 8630 is divided by 2156?
6
What is the remainder when 5678 is divided by 153?
17
What is the remainder when 50426 is divided by 4202?
2
Calculate the remainder when 2112 is divided by 689.
45
What is the remainder when 911943 is divided by 22?
21
Calculate the remainder when 13438 is divided by 386.
314
What is the remainder when 720061 is divided by 240019?
4
Calculate the remainder when 26318 is divided by 248.
30
Calculate the remainder when 39231 is divided by 176.
159
Calculate the remainder when 54901 is divided by 7842.
7
Calculate the remainder when 77219 is divided by 53.
51
What is the remainder when 16765 is divided by 145?
90
What is the remainder when 4457 is divided by 4433?
24
What is the remainder when 470 is divided by 155?
5
Calculate the remainder when 18243 is divided by 1378.
329
Calculate the remainder when 6637 is divided by 316.
1
Calculate the remainder when 14990 is divided by 176.
30
Calculate the remainder when 8916 is divided by 18.
6
What is the remainder when 587 is divided by 283?
21
What is the remainder when 1234 is divided by 159?
121
What is the remainder when 11451 is divided by 198?
165
Calculate the remainder when 2823 is divided by 82.
35
Calculate the remainder when 104178 is divided by 136.
2
Calculate the remainder when 45358 is divided by 107.
97
What is the remainder when 9519 is divided by 255?
84
Calculate the remainder when 3540 is divided by 53.
42
What is the remainder when 375879 is divided by 366?
363
Calculate the remainder when 3553 is divided by 318.
55
Calculate the remainder when 26648 is divided by 2382.
446
What is the remainder when 109039 is divided by 669?
661
What is the remainder when 502204 is divided by 304?
300
Calculate the remainder when 10883 is divided by 2023.
768
What is the remainder when 77541 is divided by 216?
213
What is the remainder when 24965 is divided by 55?
50
Calculate the remainder when 23461 is divided by 1019.
24
What is the remainder when 10051 is divided by 5022?
7
What is the remainder when 378968 is divided by 45?
23
What is the remainder when 42219 is divided by 51?
42
Calculate the remainder when 26496 is divided by 1558.
10
What is the remainder when 6436 is divided by 26?
14
What is the remainder when 10325 is divided by 645?
5
What is the remainder when 41591 is divided by 285?
266
What is the remainder when 3686 is divided by 3658?
28
What is the remainder when 3525 is divided by 881?
1
Calculate the remainder when 28435 is divided by 836.
11
What is the remainder when 11508 is divided by 41?
28
Calculate the remainder when 811 is divided by 2.
1
Calculate the remainder when 29387 is divided by 167.
162
Calculate the remainder when 4709 is divided by 1526.
131
Calculate the remainder when 20468 is divided by 25.
18
Calculate the remainder when 378887 is divided by 3007.
5
Calculate the remainder when 131328 is divided by 36.
0
What is the remainder when 4167 is divided by 20?
7
What is the remainder when 1901 is divided by 1858?
43
Calculate the remainder when 5869 is divided by 367.
364
What is the remainder when 18353 is divided by 226?
47
Calculate the remainder when 23885 is divided by 23879.
6
What is the remainder when 24099 is divided by 26?
23
Calculate the remainder when 494745 is divided by 12.
9
What is the remainder when 4221 is divided by 1392?
45
What is the remainder when 2711 is divided by 55?
16
Calculate the remainder when 101053 is divided by 171.
163
What is the remainder when 51572 is divided by 949?
326
Calculate the remainder when 374695 is divided by 371.
356
Calculate the remainder when